{"id":12,"date":"2020-02-23T12:59:32","date_gmt":"2020-02-23T11:59:32","guid":{"rendered":"http:\/\/localhost\/oegnr\/?page_id=12"},"modified":"2024-09-26T18:17:22","modified_gmt":"2024-09-26T16:17:22","slug":"12-2","status":"publish","type":"page","link":"https:\/\/www.oegnr.at\/jt2024\/","title":{"rendered":"Willkommen in Graz"},"content":{"rendered":"<h2><strong>WILLKOMMEN IN GRAZ<\/strong><\/h2>\n<p>Sehr geehrte Frau Kollegin, sehr geehrter Herr Kollege!<\/p>\n<p>Es ist mir eine besondere Freude, die 31. Jahrestagung der \u00d6sterreichischen Gesellschaft f\u00fcr Neuroradiologie (\u00d6GNR) gemeinsam mit dem 16. Erich Klein Kurs f\u00fcr interventionelle Neuroradiologie in Graz, der Landeshauptstadt der Steiermark vom 7. bis 9. November 2024 anzuk\u00fcndigen.<\/p>\n<p>Die Tagung wird in den stilvollen R\u00e4umlichkeiten der Alten Universit\u00e4t Graz stattfinden. Der Tagungsort ist sehr zentral, mitten in der UNESCO gesch\u00fctzten Altstadt von Graz gelegen.<\/p>\n<p>Im nunmehr 16. Erich Klein Kurs f\u00fcr interventionelle Neuroradiologie werden aktuelle Entwicklungen zu den Themen endovaskul\u00e4re <strong>Schlaganfallbehandlung<\/strong>, der Behandlung zerebraler <strong>Aneurysmen<\/strong> und <strong>Vasospasmen<\/strong> sowie der Behandlung von <strong>Gef\u00e4\u00dfmissbildungen<\/strong> er\u00f6rtert.<\/p>\n<p>Die Jahrestagung der \u00d6GNR 2024 widmet sich schwerpunktm\u00e4\u00dfig der <strong>funktionellen Bildgebung<\/strong> im MRT, der Bildgebung und dem Management des akuten <strong>Schlaganfalles<\/strong>, sowie aktuellen Entwicklungen in der Neuroradiologie, welche z.T. gemeinsam mit unseren klinischen Partnern von der Neurologie und Neurochirurgie diskutiert werden. Ergebnisse und Projekte verschiedener neuroradiologischer Forschungsgruppen werden diskutiert werden. Auch j\u00fcngere Kolleg*innen werden die M\u00f6glichkeit haben, ihre Projekte in Form eines <strong>Kurzvortrages<\/strong> pr\u00e4sentieren zu k\u00f6nnen. Wie in den letzten Jahren so erfolgreich durchgef\u00fchrt, wird auch diesmal ein interaktiver <strong>Hands-on Workshop an Modellen oder Simulatoren<\/strong> stattfinden. In diesem Workshop kann die Verwendung aktueller Devices zur endovaskul\u00e4ren Behandlung von <strong>Aneurysmen<\/strong> und des akuten Schlaganfalls kennengelernt und ihre Anwendung ge\u00fcbt werden.<\/p>\n<p>Im Namen des lokalen Veranstalterkomitees hoffe ich, auch diesmal ein attraktives Programm bieten zu k\u00f6nnen und freue mich auf Ihre Teilnahme.<\/p>\n<div class=\"one_third\"><img loading=\"lazy\" decoding=\"async\" class=\"alignnone size-medium wp-image-122993\" src=\"https:\/\/www.oegnr.at\/jt2024\/wp-content\/uploads\/2023\/12\/Deutschmann_2-274x300.png\" alt=\"\" width=\"274\" height=\"300\" srcset=\"https:\/\/www.oegnr.at\/jt2024\/wp-content\/uploads\/2023\/12\/Deutschmann_2-274x300.png 274w, https:\/\/www.oegnr.at\/jt2024\/wp-content\/uploads\/2023\/12\/Deutschmann_2-935x1024.png 935w, https:\/\/www.oegnr.at\/jt2024\/wp-content\/uploads\/2023\/12\/Deutschmann_2-768x841.png 768w, https:\/\/www.oegnr.at\/jt2024\/wp-content\/uploads\/2023\/12\/Deutschmann_2-1403x1536.png 1403w, https:\/\/www.oegnr.at\/jt2024\/wp-content\/uploads\/2023\/12\/Deutschmann_2.png 1535w\" sizes=\"(max-width: 274px) 100vw, 274px\" \/><\/div>\n<div class=\"two_third last\">\n<p>&nbsp;<\/p>\n<p>Univ.-Prof.Dr. Hannes Deutschmann<br \/>\nTagungspr\u00e4sident 2024<br \/>\nPast-President der \u00d6GNR<br \/>\n<img loading=\"lazy\" decoding=\"async\" class=\"alignnone size-full wp-image-122862\" src=\"https:\/\/www.oegnr.at\/jt2024\/wp-content\/uploads\/2023\/12\/unterschrift.png\" alt=\"\" width=\"246\" height=\"105\" \/><\/div>\n<div class=\"clear\"><\/div>\n<p><strong>Lokales Organisationskomitee<\/strong><\/p>\n<div class=\"one_third\">OA. Dr. Michael Augustin<\/div>\n<div class=\"two_third last\">O\u00c4. PD.in Dr.in Eva Hassler<\/div>\n<div class=\"clear\"><\/div>\n<h3><\/h3>\n<h2>Unsere Sponsoren<\/h2>\n<h4>Gold Sponsoren<\/h4>\n<p><a href=\"https:\/\/qapelmedical.com\/\"><img loading=\"lazy\" decoding=\"async\" class=\"alignnone size-full wp-image-94698\" src=\"https:\/\/www.oegnr.at\/jt2024\/wp-content\/uploads\/2022\/05\/quapel-1.jpg\" alt=\"\" width=\"250\" height=\"89\" \/><\/a><\/p>\n<p><a href=\"https:\/\/www.medtronic.com\/at-de\/index.html\"><img loading=\"lazy\" decoding=\"async\" class=\"alignnone size-full wp-image-57482\" src=\"https:\/\/www.oegnr.at\/jt2024\/wp-content\/uploads\/2021\/10\/art-logo-tag-c-en-rgb-bl-scaled-e1708524092396.jpg\" alt=\"\" width=\"450\" height=\"88\" \/><\/a><\/p>\n<p><a href=\"https:\/\/www.terumoneuro.com\/emea\"><img loading=\"lazy\" decoding=\"async\" class=\"alignnone size-full wp-image-192431\" src=\"https:\/\/www.oegnr.at\/jt2024\/wp-content\/uploads\/2024\/09\/NEURO_horizontal_CMYK.png\" alt=\"\" width=\"550\" height=\"133\" srcset=\"https:\/\/www.oegnr.at\/jt2024\/wp-content\/uploads\/2024\/09\/NEURO_horizontal_CMYK.png 550w, https:\/\/www.oegnr.at\/jt2024\/wp-content\/uploads\/2024\/09\/NEURO_horizontal_CMYK-300x73.png 300w\" sizes=\"(max-width: 550px) 100vw, 550px\" \/><\/a><\/p>\n<h4>Silber Sponsoren<\/h4>\n<p><a href=\"https:\/\/www.stryker.com\/at\/de\/index.html\"><img loading=\"lazy\" decoding=\"async\" class=\"alignnone size-medium wp-image-143798\" src=\"https:\/\/www.oegnr.at\/jt2024\/wp-content\/uploads\/2024\/06\/stryker9007-300x225.jpg\" alt=\"\" width=\"300\" height=\"225\" srcset=\"https:\/\/www.oegnr.at\/jt2024\/wp-content\/uploads\/2024\/06\/stryker9007-300x225.jpg 300w, https:\/\/www.oegnr.at\/jt2024\/wp-content\/uploads\/2024\/06\/stryker9007-768x576.jpg 768w, https:\/\/www.oegnr.at\/jt2024\/wp-content\/uploads\/2024\/06\/stryker9007.jpg 866w\" sizes=\"(max-width: 300px) 100vw, 300px\" \/><\/a><\/p>\n<h4>Bronze Sponsoren<\/h4>\n<p><a href=\"http:\/\/www.plusmedica.at\/\"><img loading=\"lazy\" decoding=\"async\" class=\"alignnone size-full wp-image-128493\" src=\"https:\/\/www.oegnr.at\/jt2024\/wp-content\/uploads\/2024\/02\/LogoPlusMedica_InnovationmeetsCompetence-e1708074473117.jpg\" alt=\"\" width=\"450\" height=\"133\" \/><\/a><a href=\"https:\/\/www.bayer.com\/de\/at\/oesterreich-startseite\" target=\"_blank\" rel=\"noopener\"><img loading=\"lazy\" decoding=\"async\" class=\"alignnone wp-image-33219 \" src=\"https:\/\/www.oegnr.at\/jt2024\/wp-content\/uploads\/2021\/03\/Corp-Logo_BG_Bayer-Cross_Basic_300dpi_on-screen_RGB-300x300.jpg\" alt=\"\" width=\"203\" height=\"203\" srcset=\"https:\/\/www.oegnr.at\/jt2024\/wp-content\/uploads\/2021\/03\/Corp-Logo_BG_Bayer-Cross_Basic_300dpi_on-screen_RGB-300x300.jpg 300w, https:\/\/www.oegnr.at\/jt2024\/wp-content\/uploads\/2021\/03\/Corp-Logo_BG_Bayer-Cross_Basic_300dpi_on-screen_RGB-1024x1024.jpg 1024w, https:\/\/www.oegnr.at\/jt2024\/wp-content\/uploads\/2021\/03\/Corp-Logo_BG_Bayer-Cross_Basic_300dpi_on-screen_RGB-150x150.jpg 150w, https:\/\/www.oegnr.at\/jt2024\/wp-content\/uploads\/2021\/03\/Corp-Logo_BG_Bayer-Cross_Basic_300dpi_on-screen_RGB-768x768.jpg 768w, https:\/\/www.oegnr.at\/jt2024\/wp-content\/uploads\/2021\/03\/Corp-Logo_BG_Bayer-Cross_Basic_300dpi_on-screen_RGB-60x60.jpg 60w, https:\/\/www.oegnr.at\/jt2024\/wp-content\/uploads\/2021\/03\/Corp-Logo_BG_Bayer-Cross_Basic_300dpi_on-screen_RGB.jpg 1205w\" sizes=\"(max-width: 203px) 100vw, 203px\" \/><\/a><\/p>\n<p><a href=\"https:\/\/www.novomed.at\/\"><img loading=\"lazy\" decoding=\"async\" class=\"alignnone size-medium wp-image-79778\" src=\"https:\/\/www.oegnr.at\/jt2024\/wp-content\/uploads\/2022\/02\/NOVOMED_Logo_Pantone2607C-300x65.png\" alt=\"\" width=\"300\" height=\"65\" srcset=\"https:\/\/www.oegnr.at\/jt2024\/wp-content\/uploads\/2022\/02\/NOVOMED_Logo_Pantone2607C-300x65.png 300w, https:\/\/www.oegnr.at\/jt2024\/wp-content\/uploads\/2022\/02\/NOVOMED_Logo_Pantone2607C-1024x220.png 1024w, https:\/\/www.oegnr.at\/jt2024\/wp-content\/uploads\/2022\/02\/NOVOMED_Logo_Pantone2607C-768x165.png 768w, https:\/\/www.oegnr.at\/jt2024\/wp-content\/uploads\/2022\/02\/NOVOMED_Logo_Pantone2607C.png 1158w\" sizes=\"(max-width: 300px) 100vw, 300px\" \/><\/a><\/p>\n<p><a href=\"https:\/\/phenox.net\/international\/\"><img loading=\"lazy\" decoding=\"async\" class=\"alignnone size-medium wp-image-79809\" src=\"https:\/\/www.oegnr.at\/jt2024\/wp-content\/uploads\/2022\/02\/phenox-logo-300x71.png\" alt=\"\" width=\"300\" height=\"71\" srcset=\"https:\/\/www.oegnr.at\/jt2024\/wp-content\/uploads\/2022\/02\/phenox-logo-300x71.png 300w, https:\/\/www.oegnr.at\/jt2024\/wp-content\/uploads\/2022\/02\/phenox-logo.png 500w\" sizes=\"(max-width: 300px) 100vw, 300px\" \/> <\/a><br \/>\n<a href=\"https:\/\/www.siemens-healthineers.com\/at\"><img loading=\"lazy\" decoding=\"async\" class=\"alignnone size-medium wp-image-103340\" src=\"https:\/\/www.oegnr.at\/jt2024\/wp-content\/uploads\/2022\/09\/logo_rgb-300x71.png\" alt=\"\" width=\"300\" height=\"71\" srcset=\"https:\/\/www.oegnr.at\/jt2024\/wp-content\/uploads\/2022\/09\/logo_rgb-300x71.png 300w, https:\/\/www.oegnr.at\/jt2024\/wp-content\/uploads\/2022\/09\/logo_rgb-1024x241.png 1024w, https:\/\/www.oegnr.at\/jt2024\/wp-content\/uploads\/2022\/09\/logo_rgb-768x180.png 768w, https:\/\/www.oegnr.at\/jt2024\/wp-content\/uploads\/2022\/09\/logo_rgb-1536x361.png 1536w, https:\/\/www.oegnr.at\/jt2024\/wp-content\/uploads\/2022\/09\/logo_rgb.png 1919w\" sizes=\"(max-width: 300px) 100vw, 300px\" \/><\/a><\/p>\n<p>&nbsp;<\/p>\n<h4>Sonstige Sponsoren<\/h4>\n<p><a href=\"https:\/\/www.lilly.com\/at\/\" target=\"_blank\" rel=\"noopener\"><img loading=\"lazy\" decoding=\"async\" class=\"alignnone wp-image-144829 size-medium\" src=\"https:\/\/www.oegnr.at\/jt2024\/wp-content\/uploads\/2024\/06\/LillyLogo_RGB_Red-300x212.png\" alt=\"\" width=\"300\" height=\"212\" srcset=\"https:\/\/www.oegnr.at\/jt2024\/wp-content\/uploads\/2024\/06\/LillyLogo_RGB_Red-300x212.png 300w, https:\/\/www.oegnr.at\/jt2024\/wp-content\/uploads\/2024\/06\/LillyLogo_RGB_Red-1024x723.png 1024w, https:\/\/www.oegnr.at\/jt2024\/wp-content\/uploads\/2024\/06\/LillyLogo_RGB_Red-768x542.png 768w, https:\/\/www.oegnr.at\/jt2024\/wp-content\/uploads\/2024\/06\/LillyLogo_RGB_Red.png 1390w\" sizes=\"(max-width: 300px) 100vw, 300px\" \/><\/a><\/p>\n<p><a href=\"https:\/\/provicon.ch\"><img loading=\"lazy\" decoding=\"async\" class=\"alignnone size-full wp-image-80201\" src=\"https:\/\/www.oegnr.at\/jt2024\/wp-content\/uploads\/2022\/02\/provicon.jpg\" alt=\"\" width=\"274\" height=\"272\" srcset=\"https:\/\/www.oegnr.at\/jt2024\/wp-content\/uploads\/2022\/02\/provicon.jpg 274w, https:\/\/www.oegnr.at\/jt2024\/wp-content\/uploads\/2022\/02\/provicon-150x150.jpg 150w, https:\/\/www.oegnr.at\/jt2024\/wp-content\/uploads\/2022\/02\/provicon-60x60.jpg 60w\" sizes=\"(max-width: 274px) 100vw, 274px\" \/><\/a><\/p>\n<p>&nbsp;<\/p>\n","protected":false},"excerpt":{"rendered":"<p>WILLKOMMEN IN GRAZ Sehr geehrte Frau Kollegin, sehr geehrter Herr Kollege! Es ist mir eine besondere Freude, die 31. Jahrestagung der \u00d6sterreichischen Gesellschaft f\u00fcr Neuroradiologie (\u00d6GNR) gemeinsam mit dem 16.\u2026 <a href=\"https:\/\/www.oegnr.at\/jt2024\/\" class=\"read-more-link\">read more &rarr;<\/a><\/p>\n","protected":false},"author":1,"featured_media":0,"parent":0,"menu_order":0,"comment_status":"closed","ping_status":"closed","template":"page-sidebar-left.php","meta":{"footnotes":""},"_links":{"self":[{"href":"https:\/\/www.oegnr.at\/jt2024\/wp-json\/wp\/v2\/pages\/12"}],"collection":[{"href":"https:\/\/www.oegnr.at\/jt2024\/wp-json\/wp\/v2\/pages"}],"about":[{"href":"https:\/\/www.oegnr.at\/jt2024\/wp-json\/wp\/v2\/types\/page"}],"author":[{"embeddable":true,"href":"https:\/\/www.oegnr.at\/jt2024\/wp-json\/wp\/v2\/users\/1"}],"replies":[{"embeddable":true,"href":"https:\/\/www.oegnr.at\/jt2024\/wp-json\/wp\/v2\/comments?post=12"}],"version-history":[{"count":82,"href":"https:\/\/www.oegnr.at\/jt2024\/wp-json\/wp\/v2\/pages\/12\/revisions"}],"predecessor-version":[{"id":192482,"href":"https:\/\/www.oegnr.at\/jt2024\/wp-json\/wp\/v2\/pages\/12\/revisions\/192482"}],"wp:attachment":[{"href":"https:\/\/www.oegnr.at\/jt2024\/wp-json\/wp\/v2\/media?parent=12"}],"curies":[{"name":"wp","href":"https:\/\/api.w.org\/{rel}","templated":true}]}}