 
{"id":1851,"date":"2020-11-23T16:43:53","date_gmt":"2020-11-23T15:43:53","guid":{"rendered":"https:\/\/www.oegnr.at\/oegnr_wp\/?page_id=1851"},"modified":"2024-11-14T06:31:02","modified_gmt":"2024-11-14T05:31:02","slug":"aktuelles","status":"publish","type":"page","link":"https:\/\/www.oegnr.at\/oegnr_wp\/","title":{"rendered":"Aktuelles"},"content":{"rendered":"<div class=\"section section-parallax\" style=\"background-color: #f9f9f9; border: 0px solid #ececec; padding: 40px 0; \">\n<div class=\"container clearfix\">\n<div class=\"sixteen columns\">\n<h3>Aktuelles<\/h3>\n<div class=\"gd-postlist-clearfix\">\n<div class=\"one_third\">\n<div class=\"teaser\">\n<div class=\"gd-postlist-title\"><a href=\"https:\/\/www.oegnr.at\/oegnr_wp\/index.php?page_id=355775\"><h2 class=\"highlight\">Ausschreibung Arthur Sch\u00fcller Preis 2026<\/h2><\/a><\/div>\n  <div class=\"gd-postlist-content\">Deadline 30.09.2026<\/div>\n<\/div>\n<\/div>\n<div class=\"one_third\">\n<div class=\"teaser\">\n<div class=\"gd-postlist-title\"><a href=\"https:\/\/www.oegnr.at\/oegnr_wp\/index.php?page_id=354530\"><h2 class=\"highlight\">Arthur Sch\u00fcller Preistr\u00e4ger 2025<\/h2><\/a><\/div>\n  <div class=\"gd-postlist-content\">verliehen im Rahmen der neuroRAD 2025<\/div>\n<\/div>\n<\/div>\n<div class=\"one_third last\">\n<div class=\"teaser\">\n<div class=\"gd-postlist-title\"><a href=https:\/\/www.dgnr.org\/de-DE\/524\/neuroradiologie-rettet-leben><h2 class=\"highlight\">Aktuelle Ergebnisse QS-Register Schlaganfall<\/h2><\/a><\/div>\n  <div class=\"gd-postlist-content\">Ver\u00f6ffentlichung der DGNR<\/div>\n<\/div>\n<\/div>\n<div class=\"clear\"><\/div>\n<\/div>\n<\/div>\n<\/div>\n<\/div>\n<div class=\"section \" style=\"background-color: #c1d3e0; border: 0px solid #ececec; padding: 40px 0; \">\n<div class=\"container clearfix\">\n<div class=\"sixteen columns\">\n<div class=\"one_third\">\n<div class=\"callout\">\n<div class=\"border clearfix\">\n<div class=\"callout-content\">\n<h2 class=\"highlight\">Der Arthur-Sch\u00fcller-Preis<\/h2>\n<p>Die \u00d6sterreichische Gesellschaft f\u00fcr Neuroradiologie (\u00d6GNR) schreibt zum Gedenken an Arthur Sch\u00fcller (1874 \u2013 1954) zur F\u00f6rderung der Wissenschaft auf dem Gebiet der Neuroradiologie einen j\u00e4hrlich zu vergebenden Preis aus.<\/p><\/div>\n<div class=\"callout-button\" style=\"margin:10px 0px 10px 0px;\">\n      \t\t\t\t<a class=\"button normal blue\" href=\"https:\/\/www.oegnr.at\/oegnr_wp\/index.php\/preise\/\" target=\"_self\">Zur Ausschreibung<\/a>\n      \t\t\t<\/div>\n<\/div>\n<\/div>\n<\/div>\n<div class=\"one_third\">\n<div class=\"callout\">\n<div class=\"border clearfix\">\n<div class=\"callout-content\">\n<h2 class=\"highlight\">Werden Sie Mitglied<\/h2>\n<p>Als Mitglied f\u00f6rdern Sie die wichtige Arbeit der \u00d6GNR und sorgen gleichzeitig f\u00fcr Ihre fachliche Weiterbildung<\/p><\/div>\n<div class=\"callout-button\" style=\"margin:10px 0px 10px 0px;\">\n      \t\t\t\t<a class=\"button normal blue\" href=\"https:\/\/www.oegnr.at\/oegnr_wp\/index.php\/antrag-auf-mitgliedschaft\/\" target=\"_self\">Mitgliedsantrag ausf\u00fcllen<\/a>\n      \t\t\t<\/div>\n<\/div>\n<\/div>\n<\/div>\n<div class=\"one_third last\">\n<div class=\"callout\">\n<div class=\"border clearfix\">\n<div class=\"callout-content\">\n<h2 class=\"highlight\">Vereinsstatuten<\/h2>\n<p>Die Vereinsstatuten wurden am 26. Oktober 1989 in Salzburg verfasst.\n      \t\t\t<\/p><\/div>\n<div class=\"callout-button\" style=\"margin:10px 0px 10px 0px;\">\n      \t\t\t\t<a class=\"button normal blue\" href=\"https:\/\/www.oegnr.at\/oegnr_wp\/index.php\/vereinsstatuten\/\" target=\"_self\">Zu den Statuten<\/a>\n      \t\t\t<\/div>\n<\/div>\n<\/div>\n<\/div>\n<div class=\"clear\"><\/div>\n<\/div>\n<\/div>\n<\/div>\n<div class=\"section \" style=\"background-color: #ffffff; border: none; padding: 40px 0; \">\n<div class=\"container clearfix\">\n<div class=\"sixteen columns\">\n<h3>Veranstaltungen<\/h3>\n<div class=\"mec-wrap mec-skin-grid-container  \" id=\"mec_skin_26426\">\n\n    \n            <div class=\"mec-skin-grid-events-container\" id=\"mec_skin_events_26426\">\n        <div class=\"mec-wrap colorskin-custom\">\n    <div class=\"mec-event-grid-classic\" data-widget-autoplay=\"1\" data-widget-loop=\"1\" data-widget-autoplay-time=\"3000\">\n        <div class=\"row\"><div class=\"col-md-4 col-sm-4\"><article class=\" mec-event-article mec-clear  \" itemscope>                    <div class=\"mec-event-image\"><a data-event-id=\"368124\" href=\"https:\/\/www.oegnr.at\/oegnr_wp\/index.php\/events\/disease-education-forum-2026\/\" target=\"_self\" rel=\"noopener\"><img loading=\"lazy\" decoding=\"async\" width=\"300\" height=\"118\" src=\"https:\/\/www.oegnr.at\/oegnr_wp\/wp-content\/uploads\/2020\/11\/cropped-plaquette-DEF-2020-Ang1-300x118.png\" class=\"attachment-medium size-medium wp-post-image\" alt=\"\" data-mec-postid=\"368124\" \/><\/a><\/div>\n                        <div class=\"mec-event-content\">\n                                    <div class=\"mec-event-date mec-bg-color\">\n                        <span class=\"mec-start-date-label\">14 - 15 September 2026<\/span>                                                                    <\/div>\n                                                                <h4 class=\"mec-event-title\"><a class=\"mec-color-hover\" data-event-id=\"368124\" href=\"https:\/\/www.oegnr.at\/oegnr_wp\/index.php\/events\/disease-education-forum-2026\/\" target=\"_self\" rel=\"noopener\">Disease Education Forum 2026<\/a><\/h4>\n                                <p class=\"mec-grid-event-location\">IFSI (H\u00f4pital Foch), 11, rue Guillaume Lenoir, 92150 Suresnes<\/p>\n                                                                            <\/div>\n            <div class=\"mec-event-footer\">\n                                <ul class=\"mec-event-sharing-wrap\">\n                    <li class=\"mec-event-share\">\n                        <a href=\"#\" class=\"mec-event-share-icon\">\n                            <i class=\"mec-sl-share\" title=\"Share\"><\/i>\n                        <\/a>\n                    <\/li>\n                    <li>\n                        <ul class=\"mec-event-sharing\">\n                            <li class=\"mec-event-social-icon\"><a class=\"facebook\" href=\"https:\/\/www.facebook.com\/sharer\/sharer.php?u=https%3A%2F%2Fwww.oegnr.at%2Foegnr_wp%2Findex.php%2Fevents%2Fdisease-education-forum-2026%2F\" onclick=\"javascript:window.open(this.href, '', 'menubar=no,toolbar=no,resizable=yes,scrollbars=yes,height=500,width=600'); return false;\" target=\"_blank\" title=\"Auf Facebook teilen\"><i class=\"mec-fa-facebook\"><\/i><span class=\"mec-social-title\">Facebook<\/span><\/a><\/li><li class=\"mec-event-social-icon\"><a class=\"twitter\" href=\"https:\/\/twitter.com\/share?url=https%3A%2F%2Fwww.oegnr.at%2Foegnr_wp%2Findex.php%2Fevents%2Fdisease-education-forum-2026%2F\" onclick=\"javascript:window.open(this.href, '', 'menubar=no,toolbar=no,resizable=yes,scrollbars=yes,height=600,width=500'); return false;\" target=\"_blank\" title=\"X Social Network\"><svg xmlns=\"http:\/\/www.w3.org\/2000\/svg\" shape-rendering=\"geometricPrecision\" text-rendering=\"geometricPrecision\" image-rendering=\"optimizeQuality\" fill-rule=\"evenodd\" clip-rule=\"evenodd\" viewBox=\"0 0 512 462.799\"><path fill-rule=\"nonzero\" d=\"M403.229 0h78.506L310.219 196.04 512 462.799H354.002L230.261 301.007 88.669 462.799h-78.56l183.455-209.683L0 0h161.999l111.856 147.88L403.229 0zm-27.556 415.805h43.505L138.363 44.527h-46.68l283.99 371.278z\"\/><\/svg><span class=\"mec-social-title\">Twitter<\/span><\/a><\/li><li class=\"mec-event-social-icon\"><a class=\"linkedin\" href=\"https:\/\/www.linkedin.com\/shareArticle?mini=true&url=https%3A%2F%2Fwww.oegnr.at%2Foegnr_wp%2Findex.php%2Fevents%2Fdisease-education-forum-2026%2F\" onclick=\"javascript:window.open(this.href, '', 'menubar=no,toolbar=no,resizable=yes,scrollbars=yes,height=600,width=500'); return false;\" target=\"_blank\" title=\"LinkedIn\"><i class=\"mec-fa-linkedin\"><\/i><span class=\"mec-social-title\">LinkedIn<\/span><\/a><\/li><li class=\"mec-event-social-icon\"><a class=\"email\" href=\"mailto:?subject=Disease%20Education%20Forum%202026&body=https%3A%2F%2Fwww.oegnr.at%2Foegnr_wp%2Findex.php%2Fevents%2Fdisease-education-forum-2026%2F\" title=\"E-Mail\"><i class=\"mec-fa-envelope\"><\/i><span class=\"mec-social-title\">E-Mail<\/span><\/a><\/li>                        <\/ul>\n                    <\/li>\n                <\/ul>\n                                                <a class=\"mec-booking-button\" data-event-id=\"368124\" href=\"https:\/\/www.oegnr.at\/oegnr_wp\/index.php\/events\/disease-education-forum-2026\/\" target=\"_self\" rel=\"noopener\">Details anzeigen<\/a>            <\/div>\n        <\/article><\/div>                <div class=\"col-md-4 col-sm-4\"><article class=\" mec-event-article mec-clear  \" itemscope>                    <div class=\"mec-event-image\"><a data-event-id=\"363287\" href=\"https:\/\/jahrestagung2026.oegnr.at\/\" target=\"_self\" rel=\"noopener\"><img loading=\"lazy\" decoding=\"async\" width=\"300\" height=\"300\" src=\"https:\/\/www.oegnr.at\/oegnr_wp\/wp-content\/uploads\/2026\/02\/2026JT-300x300.png\" class=\"attachment-medium size-medium wp-post-image\" alt=\"\" data-mec-postid=\"363287\" \/><\/a><\/div>\n                        <div class=\"mec-event-content\">\n                                    <div class=\"mec-event-date mec-bg-color\">\n                        <span class=\"mec-start-date-label\">19 - 21 November 2026<\/span>                                                                    <\/div>\n                                                                <h4 class=\"mec-event-title\"><a class=\"mec-color-hover\" data-event-id=\"363287\" href=\"https:\/\/jahrestagung2026.oegnr.at\/\" target=\"_self\" rel=\"noopener\">33. Jahrestagung der \u00d6GNR<\/a><\/h4>\n                                <p class=\"mec-grid-event-location\">Billrothhaus, Frankgasse8, 1090 Wien<\/p>\n                                                                            <\/div>\n            <div class=\"mec-event-footer\">\n                                <ul class=\"mec-event-sharing-wrap\">\n                    <li class=\"mec-event-share\">\n                        <a href=\"#\" class=\"mec-event-share-icon\">\n                            <i class=\"mec-sl-share\" title=\"Share\"><\/i>\n                        <\/a>\n                    <\/li>\n                    <li>\n                        <ul class=\"mec-event-sharing\">\n                            <li class=\"mec-event-social-icon\"><a class=\"facebook\" href=\"https:\/\/www.facebook.com\/sharer\/sharer.php?u=https%3A%2F%2Fjahrestagung2026.oegnr.at%2F\" onclick=\"javascript:window.open(this.href, '', 'menubar=no,toolbar=no,resizable=yes,scrollbars=yes,height=500,width=600'); return false;\" target=\"_blank\" title=\"Auf Facebook teilen\"><i class=\"mec-fa-facebook\"><\/i><span class=\"mec-social-title\">Facebook<\/span><\/a><\/li><li class=\"mec-event-social-icon\"><a class=\"twitter\" href=\"https:\/\/twitter.com\/share?url=https%3A%2F%2Fjahrestagung2026.oegnr.at%2F\" onclick=\"javascript:window.open(this.href, '', 'menubar=no,toolbar=no,resizable=yes,scrollbars=yes,height=600,width=500'); return false;\" target=\"_blank\" title=\"X Social Network\"><svg xmlns=\"http:\/\/www.w3.org\/2000\/svg\" shape-rendering=\"geometricPrecision\" text-rendering=\"geometricPrecision\" image-rendering=\"optimizeQuality\" fill-rule=\"evenodd\" clip-rule=\"evenodd\" viewBox=\"0 0 512 462.799\"><path fill-rule=\"nonzero\" d=\"M403.229 0h78.506L310.219 196.04 512 462.799H354.002L230.261 301.007 88.669 462.799h-78.56l183.455-209.683L0 0h161.999l111.856 147.88L403.229 0zm-27.556 415.805h43.505L138.363 44.527h-46.68l283.99 371.278z\"\/><\/svg><span class=\"mec-social-title\">Twitter<\/span><\/a><\/li><li class=\"mec-event-social-icon\"><a class=\"linkedin\" href=\"https:\/\/www.linkedin.com\/shareArticle?mini=true&url=https%3A%2F%2Fjahrestagung2026.oegnr.at%2F\" onclick=\"javascript:window.open(this.href, '', 'menubar=no,toolbar=no,resizable=yes,scrollbars=yes,height=600,width=500'); return false;\" target=\"_blank\" title=\"LinkedIn\"><i class=\"mec-fa-linkedin\"><\/i><span class=\"mec-social-title\">LinkedIn<\/span><\/a><\/li><li class=\"mec-event-social-icon\"><a class=\"email\" href=\"mailto:?subject=33.%20Jahrestagung%20der%20%C3%96GNR&body=https%3A%2F%2Fjahrestagung2026.oegnr.at%2F\" title=\"E-Mail\"><i class=\"mec-fa-envelope\"><\/i><span class=\"mec-social-title\">E-Mail<\/span><\/a><\/li>                        <\/ul>\n                    <\/li>\n                <\/ul>\n                                                <a class=\"mec-booking-button\" data-event-id=\"363287\" href=\"https:\/\/jahrestagung2026.oegnr.at\/\" target=\"_self\" rel=\"noopener\">Details anzeigen<\/a>            <\/div>\n        <\/article><\/div>                        <\/div>\t<\/div>\n<\/div>\n\n    <\/div>\n    <div class=\"mec-skin-grid-no-events-container mec-util-hidden\" id=\"mec_skin_no_events_26426\">\n        Keine Veranstaltung gefunden!    <\/div>\n    \n    \n<\/div>\n<\/div>\n<\/div>\n<\/div>\n<div class=\"section section-parallax\" style=\"background-color: #c1d3e0; border: 0px solid #ececec; padding: 40px 0; \">\n<div class=\"container clearfix\">\n<div class=\"sixteen columns\">\n<div class=\"gd-journal-clearfix\">\n<div class=\"one_half\">\n<div class=\"teaser\">\n<h3>Journal<\/h3>\n<p><span class=\"responsive\"><br \/>\n<a href=\"https:\/\/link.springer.com\/journal\/62\"><img loading=\"lazy\" decoding=\"async\" width=\"150\" height=\"199\" class=\"aligncenter size-full wp-image-22676\" src=\"https:\/\/www.oegnr.at\/oegnr_wp\/wp-content\/uploads\/2020\/11\/2019_cnr_logo.png\" alt=\"Journal of Clinical Neuroradiology\" \/><\/a><br \/>\n<\/span><\/div>\n<\/div>\n<div class=\"one_half last\">\n<div class=\"teaser\">\n<h3>Mitgliedschaften<\/h3>\n<p><span class=\"responsive\"><br \/>\n<a href=\"https:\/\/www.esnr.org\/\"><img loading=\"lazy\" decoding=\"async\" width=\"252\" height=\"275\" class=\"aligncenter img-mitglieder wp-image-17374\" src=\"https:\/\/www.oegnr.at\/oegnr_wp\/wp-content\/uploads\/2020\/11\/Logo_ESNR.png\" alt=\"ESNR\" \/><\/a><\/p>\n<p><a href=\"https:\/\/www.wfnrs.org\/\"><img loading=\"lazy\" decoding=\"async\" width=\"300\" height=\"104\" class=\"aligncenter img-mitglieder size-medium wp-image-18369\" src=\"https:\/\/www.oegnr.at\/oegnr_wp\/wp-content\/uploads\/2020\/11\/Logo_WFNRS-300x104.jpg\" alt=\"WFNRS\" srcset=\"https:\/\/www.oegnr.at\/oegnr_wp\/wp-content\/uploads\/2020\/11\/Logo_WFNRS-300x104.jpg 300w, https:\/\/www.oegnr.at\/oegnr_wp\/wp-content\/uploads\/2020\/11\/Logo_WFNRS.jpg 460w\" sizes=\"auto, (max-width: 300px) 100vw, 300px\" \/><\/a><br \/>\n<\/span>\n<\/div>\n<\/div>\n<div class=\"clear\"><\/div>\n<\/div>\n<\/div>\n<\/div>\n<\/div>\n","protected":false},"excerpt":{"rendered":"<p>Aktuelles Der Arthur-Sch\u00fcller-Preis Die \u00d6sterreichische Gesellschaft f\u00fcr Neuroradiologie (\u00d6GNR) schreibt zum Gedenken an Arthur Sch\u00fcller (1874 \u2013 1954) zur F\u00f6rderung der Wissenschaft auf dem Gebiet der Neuroradiologie einen j\u00e4hrlich zu\u2026 <a href=\"https:\/\/www.oegnr.at\/oegnr_wp\/index.php\/events\/33-jahrestagung-der-oegnr\/\" class=\"read-more-link\">weiterlesen &rarr;<\/a><\/p>\n","protected":false},"author":3,"featured_media":0,"parent":0,"menu_order":0,"comment_status":"closed","ping_status":"closed","template":"page-section.php","meta":{"footnotes":""},"class_list":["post-1851","page","type-page","status-publish","hentry"],"_links":{"self":[{"href":"https:\/\/www.oegnr.at\/oegnr_wp\/index.php\/wp-json\/wp\/v2\/pages\/1851","targetHints":{"allow":["GET"]}}],"collection":[{"href":"https:\/\/www.oegnr.at\/oegnr_wp\/index.php\/wp-json\/wp\/v2\/pages"}],"about":[{"href":"https:\/\/www.oegnr.at\/oegnr_wp\/index.php\/wp-json\/wp\/v2\/types\/page"}],"author":[{"embeddable":true,"href":"https:\/\/www.oegnr.at\/oegnr_wp\/index.php\/wp-json\/wp\/v2\/users\/3"}],"replies":[{"embeddable":true,"href":"https:\/\/www.oegnr.at\/oegnr_wp\/index.php\/wp-json\/wp\/v2\/comments?post=1851"}],"version-history":[{"count":57,"href":"https:\/\/www.oegnr.at\/oegnr_wp\/index.php\/wp-json\/wp\/v2\/pages\/1851\/revisions"}],"predecessor-version":[{"id":307194,"href":"https:\/\/www.oegnr.at\/oegnr_wp\/index.php\/wp-json\/wp\/v2\/pages\/1851\/revisions\/307194"}],"wp:attachment":[{"href":"https:\/\/www.oegnr.at\/oegnr_wp\/index.php\/wp-json\/wp\/v2\/media?parent=1851"}],"curies":[{"name":"wp","href":"https:\/\/api.w.org\/{rel}","templated":true}]}}